e remainder when 141 is divided by 19?
8
Calculate the remainder when 71 is divided by 35.
1
Calculate the remainder when 700 is divided by 19.
16
Calculate the remainder when 299 is divided by 96.
11
Calculate the remainder when 2137 is divided by 23.
21
What is the remainder when 3693 is divided by 168?
165
Calculate the remainder when 18 is divided by 10.
8
What is the remainder when 676 is divided by 85?
81
Calculate the remainder when 282 is divided by 277.
5
Calculate the remainder when 183 is divided by 86.
11
What is the remainder when 1516 is divided by 19?
15
What is the remainder when 355 is divided by 123?
109
Calculate the remainder when 812 is divided by 400.
12
What is the remainder when 31 is divided by 4?
3
What is the remainder when 177 is divided by 46?
39
Calculate the remainder when 297 is divided by 12.
9
Calculate the remainder when 3522 is divided by 43.
39
Calculate the remainder when 1598 is divided by 39.
38
Calculate the remainder when 782 is divided by 67.
45
Calculate the remainder when 248 is divided by 42.
38
Calculate the remainder when 38 is divided by 4.
2
What is the remainder when 36037 is divided by 85?
82
Calculate the remainder when 219 is divided by 61.
36
What is the remainder when 215 is divided by 97?
21
What is the remainder when 440 is divided by 89?
84
Calculate the remainder when 248 is divided by 57.
20
What is the remainder when 249 is divided by 63?
60
What is the remainder when 8899 is divided by 30?
19
Calculate the remainder when 206 is divided by 19.
16
Calculate the remainder when 49 is divided by 19.
11
What is the remainder when 423 is divided by 138?
9
What is the remainder when 394 is divided by 12?
10
Calculate the remainder when 482 is divided by 472.
10
Calculate the remainder when 798 is divided by 25.
23
Calculate the remainder when 2581 is divided by 2577.
4
What is the remainder when 510 is divided by 27?
24
What is the remainder when 623 is divided by 77?
7
What is the remainder when 359 is divided by 72?
71
Calculate the remainder when 55 is divided by 16.
7
What is the remainder when 8925 is divided by 62?
59
What is the remainder when 84 is divided by 27?
3
Calculate the remainder when 70 is divided by 15.
10
What is the remainder when 854 is divided by 57?
56
What is the remainder when 5537 is divided by 29?
27
Calculate the remainder when 90 is divided by 8.
2
What is the remainder when 587 is divided by 205?
177
Calculate the remainder when 1240 is divided by 11.
8
What is the remainder when 1630 is divided by 1629?
1
Calculate the remainder when 312 is divided by 15.
12
Calculate the remainder when 1363 is divided by 91.
89
What is the remainder when 807 is divided by 87?
24
What is the remainder when 360 is divided by 12?
0
Calculate the remainder when 85 is divided by 34.
17
What is the remainder when 934 is divided by 13?
11
What is the remainder when 4215 is divided by 192?
183
What is the remainder when 882 is divided by 26?
24
What is the remainder when 1670 is divided by 830?
10
Calculate the remainder when 137 is divided by 69.
68
What is the remainder when 121 is divided by 16?
9
Calculate the remainder when 110 is divided by 23.
18
Calculate the remainder when 2900 is divided by 80.
20
Calculate the remainder when 19035 is divided by 167.
164
What is the remainder when 49085 is divided by 4?
1
Calculate the remainder when 1069 is divided by 92.
57
Calculate the remainder when 9986 is divided by 15.
11
What is the remainder when 585 is divided by 203?
179
What is the remainder when 83 is divided by 78?
5
What is the remainder when 376 is divided by 9?
7
Calculate the remainder when 124 is divided by 33.
25
What is the remainder when 110 is divided by 59?
51
Calculate the remainder when 31 is divided by 23.
8
Calculate the remainder when 105 is divided by 44.
17
Calculate the remainder when 862 is divided by 43.
2
What is the remainder when 30 is divided by 11?
8
Calculate the remainder when 205 is divided by 23.
21
Calculate the remainder when 439 is divided by 13.
10
Calculate the remainder when 142 is divided by 83.
59
Calculate the remainder when 37709 is divided by 30.
29
What is the remainder when 714 is divided by 26?
12
What is the remainder when 302 is divided by 17?
13
What is the remainder when 175 is divided by 66?
43
Calculate the remainder when 452 is divided by 118.
98
What is the remainder when 50 is divided by 26?
24
Calculate the remainder when 2513 is divided by 9.
2
Calculate the remainder when 48 is divided by 25.
23
Calculate the remainder when 931 is divided by 18.
13
What is the remainder when 17329 is divided by 152?
1
What is the remainder when 1250 is divided by 139?
138
Calculate the remainder when 678 is divided by 339.
0
Calculate the remainder when 373 is divided by 47.
44
What is the remainder when 223 is divided by 72?
7
What is the remainder when 245 is divided by 55?
25
Calculate the remainder when 3350 is divided by 129.
125
What is the remainder when 3257 is divided by 13?
7
Calculate the remainder when 45 is divided by 14.
3
What is the remainder when 1374 is divided by 13?
9
Calculate the remainder when 1044 is divided by 14.
8
Calculate the remainder when 1921 is divided by 214.
209
What is the remainder when 75 is divided by 13?
10
Calculate the remainder when 209 is divided by 24.
17
Calculate the remainder when 391 is divided by 49.
48
What is the remainder when 10347 is divided by 3444?
15
What is the remainder when 1554 is divided by 195?
189
Calculate the remainder when 4294 is divided by 429.
4
What is the remainder when 1008 is divided by 320?
48
Calculate the remainder when 163 is divided by 21.
16
Calculate the remainder when 538 is divided by 45.
43
Calculate the remainder when 83 is divided by 4.
3
Calculate the remainder when 61 is divided by 35.
26
What is the remainder when 501 is divided by 9?
6
Calculate the remainder when 908 is divided by 13.
11
What is the remainder when 221 is divided by 116?
105
What is the remainder when 482 is divided by 162?
158
What is the remainder when 208 is divided by 19?
18
Calculate the remainder when 721 is divided by 66.
61
What is the remainder when 1129 is divided by 363?
40
What is the remainder when 141 is divided by 3?
0
What is the remainder when 2248 is divided by 41?
34
Calculate the remainder when 219 is divided by 20.
19
What is the remainder when 1698 is divided by 25?
23
Calculate the remainder when 2108 is divided by 19.
18
Calculate the remainder when 71 is divided by 39.
32
What is the remainder when 9453 is divided by 20?
13
Calculate the remainder when 139 is divided by 20.
19
Calculate the remainder when 2284 is divided by 16.
12
Calculate the remainder when 3461 is divided by 165.
161
Calculate the remainder when 107 is divided by 9.
8
Calculate the remainder when 451 is divided by 85.
26
Calculate the remainder when 350 is divided by 16.
14
Calculate the remainder when 6442 is divided by 9.
7
Calculate the remainder when 1185 is divided by 383.
36
Calculate the remainder when 1175 is divided by 38.
35
Calculate the remainder when 76 is divided by 17.
8
Calculate the remainder when 1182 is divided by 276.
78
Calculate the remainder when 187 is divided by 19.
16
Calculate the remainder when 8127 is divided by 44.
31
Calculate the remainder when 238 is divided by 10.
8
What is the remainder when 5181 is divided by 24?
21
Calculate the remainder when 2661 is divided by 149.
128
What is the remainder when 1154 is divided by 187?
32
Calculate the remainder when 840 is divided by 57.
42
Calculate the remainder when 2934 is divided by 11.
8
What is the remainder when 473 is divided by 233?
7
What is the remainder when 357 is divided by 186?
171
What is the remainder when 449 is divided by 247?
202
What is the remainder when 1631 is divided by 26?
19
Calculate the remainder when 22529 is divided by 23.
12
What is the remainder when 604 is divided by 69?
52
Calculate the remainder when 195 is divided by 28.
27
What is the remainder when 88 is divided by 37?
14
What is the remainder when 753 is divided by 13?
12
Calculate the remainder when 72290 is divided by 67.
64
Calculate the remainder when 1042 is divided by 99.
52
What is the remainder when 461 is divi